{"id":14,"date":"2015-04-01T20:26:21","date_gmt":"2015-04-01T19:26:21","guid":{"rendered":"http:\/\/www.cemf.fr\/lpem\/?page_id=14"},"modified":"2019-03-04T21:02:52","modified_gmt":"2019-03-04T20:02:52","slug":"edition-2014","status":"publish","type":"page","link":"https:\/\/www.cemf.fr\/lpem\/les-editions-precedentes\/edition-2014\/","title":{"rendered":"\u00c9dition 2014"},"content":{"rendered":"<h2>Edition 2014<\/h2>\n<p>Les laur\u00e9ats de la\u00a0premi\u00e8re \u00e9dition des Prix de l\u2019Enseignement Musical ont \u00e9t\u00e9 choisis parmi la centaine de dossiers re\u00e7us.\u2028La remise des prix a eu lieu en public \u00e0 la Cit\u00e9 de la Musique le 21 novembre 2014 en pr\u00e9sence des membres du jury.<\/p>\n","protected":false},"excerpt":{"rendered":"<p>Edition 2014 Les laur\u00e9ats de la\u00a0premi\u00e8re \u00e9dition des Prix de l\u2019Enseignement Musical ont \u00e9t\u00e9 choisis parmi la centaine de dossiers re\u00e7us.\u2028La remise des prix a eu lieu en public \u00e0 la Cit\u00e9 de la Musique le 21 novembre 2014 en pr\u00e9sence des membres du jury.<\/p>\n","protected":false},"author":1,"featured_media":0,"parent":335,"menu_order":0,"comment_status":"open","ping_status":"open","template":"page-edition2014.php","meta":{"_acf_changed":false,"jetpack_post_was_ever_published":false,"footnotes":""},"class_list":["post-14","page","type-page","status-publish","hentry"],"acf":[],"jetpack_sharing_enabled":true,"jetpack_shortlink":"https:\/\/wp.me\/P83htQ-e","jetpack-related-posts":[],"_links":{"self":[{"href":"https:\/\/www.cemf.fr\/lpem\/wp-json\/wp\/v2\/pages\/14","targetHints":{"allow":["GET"]}}],"collection":[{"href":"https:\/\/www.cemf.fr\/lpem\/wp-json\/wp\/v2\/pages"}],"about":[{"href":"https:\/\/www.cemf.fr\/lpem\/wp-json\/wp\/v2\/types\/page"}],"author":[{"embeddable":true,"href":"https:\/\/www.cemf.fr\/lpem\/wp-json\/wp\/v2\/users\/1"}],"replies":[{"embeddable":true,"href":"https:\/\/www.cemf.fr\/lpem\/wp-json\/wp\/v2\/comments?post=14"}],"version-history":[{"count":20,"href":"https:\/\/www.cemf.fr\/lpem\/wp-json\/wp\/v2\/pages\/14\/revisions"}],"predecessor-version":[{"id":633,"href":"https:\/\/www.cemf.fr\/lpem\/wp-json\/wp\/v2\/pages\/14\/revisions\/633"}],"up":[{"embeddable":true,"href":"https:\/\/www.cemf.fr\/lpem\/wp-json\/wp\/v2\/pages\/335"}],"wp:attachment":[{"href":"https:\/\/www.cemf.fr\/lpem\/wp-json\/wp\/v2\/media?parent=14"}],"curies":[{"name":"wp","href":"https:\/\/api.w.org\/{rel}","templated":true}]}}

Édition 2014

<h2>Edition 2014</h2>
<p>Les lauréats de la première édition des Prix de l’Enseignement Musical ont été choisis parmi la centaine de dossiers reçus. La remise des prix a eu lieu en public à la Cité de la Musique le 21 novembre 2014 en présence des membres du jury.</p>

<p>Edition 2014 Les lauréats de la première édition des Prix de l’Enseignement Musical ont été choisis parmi la centaine de dossiers reçus. La remise des prix a eu lieu en public à la Cité de la Musique le 21 novembre 2014 en présence des membres du jury.</p>
